{"id":18,"date":"2025-11-27T12:21:22","date_gmt":"2025-11-27T12:21:22","guid":{"rendered":"https:\/\/vserlach.ac.at\/?page_id=18"},"modified":"2025-12-18T16:58:40","modified_gmt":"2025-12-18T16:58:40","slug":"schulprofil","status":"publish","type":"page","link":"https:\/\/vserlach.ac.at\/?page_id=18","title":{"rendered":"Schulprofil"},"content":{"rendered":"\n<p>Unsere Volksschule ist ein Ort des Lernens, der Gemeinschaft und der Wertsch\u00e4tzung. In unseren 8 Klassen begleiten wir Kinder in ihrer pers\u00f6nlichen, sozialen und schulischen Entwicklung und legen damit die Grundlage f\u00fcr lebenslanges Lernen.<\/p>\n\n\n\n<h3 class=\"wp-block-heading\">Schwerpunkte unserer Arbeit<\/h3>\n\n\n\n<ul class=\"wp-block-list\">\n<li><strong>Ganzheitliches Lernen:<\/strong> F\u00f6rderung kognitiver, sozialer, emotionaler und motorischer Kompetenzen<\/li>\n\n\n\n<li><strong>Individuelle F\u00f6rderung:<\/strong> Ber\u00fccksichtigung unterschiedlicher Lernvoraussetzungen<\/li>\n\n\n\n<li><strong>Soziales Lernen:<\/strong> Respekt, Hilfsbereitschaft, Verantwortung und Teamf\u00e4higkeit<\/li>\n\n\n\n<li><strong>Bewegung und Gesundheit:<\/strong> Bewegung, Sport und ein bewusster Umgang mit Gesundheit<\/li>\n<\/ul>\n\n\n\n<h3 class=\"wp-block-heading\">Unser Schulklima<\/h3>\n\n\n\n<p>Ein wertsch\u00e4tzendes, sicheres und positives Lernumfeld ist uns besonders wichtig. Wir pflegen einen respektvollen Umgang miteinander und f\u00f6rdern ein starkes Gemeinschaftsgef\u00fchl.<\/p>\n\n\n\n<h3 class=\"wp-block-heading\">Zusammenarbeit<\/h3>\n\n\n\n<p>Die enge Kooperation zwischen Lehrpersonen, Eltern, Sch\u00fcler:innen und au\u00dferschulischen Partnern ist f\u00fcr uns ein zentraler Bestandteil erfolgreicher Bildungsarbeit.<\/p>\n\n\n\n<h3 class=\"wp-block-heading\">Unsere Ziele<\/h3>\n\n\n\n<ul class=\"wp-block-list\">\n<li>Freude am Lernen wecken und erhalten<\/li>\n\n\n\n<li>Selbstst\u00e4ndigkeit und Verantwortungsbewusstsein f\u00f6rdern<\/li>\n\n\n\n<li>Soziale Kompetenzen st\u00e4rken<\/li>\n\n\n\n<li>Kinder bestm\u00f6glich auf ihren weiteren Bildungsweg vorbereiten<\/li>\n<\/ul>\n\n\n\n<p><\/p>\n","protected":false},"excerpt":{"rendered":"<p>Unsere Volksschule ist ein Ort des Lernens, der Gemeinschaft und der Wertsch\u00e4tzung. In unseren 8 Klassen begleiten wir Kinder in ihrer pers\u00f6nlichen, sozialen und schulischen Entwicklung und legen damit die Grundlage f\u00fcr lebenslanges Lernen. Schwerpunkte unserer Arbeit Unser Schulklima Ein wertsch\u00e4tzendes, sicheres und positives Lernumfeld ist uns besonders wichtig. Wir pflegen einen respektvollen Umgang miteinander &hellip; <a href=\"https:\/\/vserlach.ac.at\/?page_id=18\" class=\"more-link\"><span class=\"screen-reader-text\">Schulprofil<\/span> weiterlesen <span class=\"meta-nav\">&rarr;<\/span><\/a><\/p>\n","protected":false},"author":11,"featured_media":0,"parent":0,"menu_order":0,"comment_status":"closed","ping_status":"closed","template":"","meta":{"footnotes":""},"class_list":["post-18","page","type-page","status-publish","hentry"],"_links":{"self":[{"href":"https:\/\/vserlach.ac.at\/index.php?rest_route=\/wp\/v2\/pages\/18","targetHints":{"allow":["GET"]}}],"collection":[{"href":"https:\/\/vserlach.ac.at\/index.php?rest_route=\/wp\/v2\/pages"}],"about":[{"href":"https:\/\/vserlach.ac.at\/index.php?rest_route=\/wp\/v2\/types\/page"}],"author":[{"embeddable":true,"href":"https:\/\/vserlach.ac.at\/index.php?rest_route=\/wp\/v2\/users\/11"}],"replies":[{"embeddable":true,"href":"https:\/\/vserlach.ac.at\/index.php?rest_route=%2Fwp%2Fv2%2Fcomments&post=18"}],"version-history":[{"count":4,"href":"https:\/\/vserlach.ac.at\/index.php?rest_route=\/wp\/v2\/pages\/18\/revisions"}],"predecessor-version":[{"id":124,"href":"https:\/\/vserlach.ac.at\/index.php?rest_route=\/wp\/v2\/pages\/18\/revisions\/124"}],"wp:attachment":[{"href":"https:\/\/vserlach.ac.at\/index.php?rest_route=%2Fwp%2Fv2%2Fmedia&parent=18"}],"curies":[{"name":"wp","href":"https:\/\/api.w.org\/{rel}","templated":true}]}}